{"id":1689,"date":"2015-06-04T09:55:13","date_gmt":"2015-06-04T09:55:13","guid":{"rendered":"http:\/\/trotest.megaflex.cz\/?page_id=1689"},"modified":"2015-07-11T21:17:29","modified_gmt":"2015-07-11T21:17:29","slug":"novinky","status":"publish","type":"page","link":"https:\/\/www.megaflex.cz\/lasery\/novinky\/","title":{"rendered":"Novinky"},"content":{"rendered":"<div id=\"news_article\" class=\"newsbox newsbox2 slick-carousel\">\n        <div class=\"ds-blog-margin\">\n          <div class=\"blog-img\" style=\"background-image: url('https:\/\/www.mega-blog.cz\/wp-content\/blogs.dir\/6\/files\/2026\/04\/trotec.jpg');height: 300px; background-size: cover; background-position: center;\">\n            <div class=\"ds-blog-title\" style=\"padding: 1rem;\">\n              <h3 style=\"color: white;\">Jak zna\u010dit velk\u00e9 a t\u011b\u017ek\u00e9 d\u00edly bez n\u00e1mahy: ergonomick\u00e1 \u0159e\u0161en\u00ed s lasery Trotec<\/h3>\n              <a href=\"https:\/\/www.mega-blog.cz\/lasery\/jak-znacit-velke-a-tezke-dily-bez-namahy-ergonomicka-reseni-s-lasery-trotec\/\" target=\"_blank\" class=\"btn btn-primary ds-btn-article\" rel=\"noopener\">Pokra\u010dovat ve \u010dten\u00ed<\/a>\n            <\/div>\n          <\/div>\n        <\/div>\n        <div class=\"ds-blog-margin\">\n          <div class=\"blog-img\" style=\"background-image: url('https:\/\/www.mega-blog.cz\/wp-content\/blogs.dir\/6\/files\/2026\/04\/akce.jpg');height: 300px; background-size: cover; background-position: center;\">\n            <div class=\"ds-blog-title\" style=\"padding: 1rem;\">\n              <h3 style=\"color: white;\">Akce Megaflexu: Lasery \u0159ady Q za super v\u00fdhodnou cenu! U\u017e jen do 30. dubna<\/h3>\n              <a href=\"https:\/\/www.mega-blog.cz\/lasery\/akce-megaflexu-lasery-rady-q-za-super-vyhodnou-cenu-uz-jen-do-30-dubna\/\" target=\"_blank\" class=\"btn btn-primary ds-btn-article\" rel=\"noopener\">Pokra\u010dovat ve \u010dten\u00ed<\/a>\n            <\/div>\n          <\/div>\n        <\/div>\n        <div class=\"ds-blog-margin\">\n          <div class=\"blog-img\" style=\"background-image: url('https:\/\/www.mega-blog.cz\/wp-content\/blogs.dir\/6\/files\/2026\/03\/engraved-stone-tiles-with-uplifting-messages-created-using-trotec-laser-engraving-machine.jpg');height: 300px; background-size: cover; background-position: center;\">\n            <div class=\"ds-blog-title\" style=\"padding: 1rem;\">\n              <h3 style=\"color: white;\">Laserov\u00e9 grav\u00edrov\u00e1n\u00ed do kamene: origin\u00e1ln\u00ed produkty s vysokou p\u0159idanou hodnotou<\/h3>\n              <a href=\"https:\/\/www.mega-blog.cz\/lasery\/laserove-gravirovani-do-kamene-originalni-produkty-s-vysokou-pridanou-hodnotou\/\" target=\"_blank\" class=\"btn btn-primary ds-btn-article\" rel=\"noopener\">Pokra\u010dovat ve \u010dten\u00ed<\/a>\n            <\/div>\n          <\/div>\n        <\/div>\n        <div class=\"ds-blog-margin\">\n          <div class=\"blog-img\" style=\"background-image: url('https:\/\/www.mega-blog.cz\/wp-content\/blogs.dir\/6\/files\/2026\/02\/LASER-Speedy-Cross-002.jpg');height: 300px; background-size: cover; background-position: center;\">\n            <div class=\"ds-blog-title\" style=\"padding: 1rem;\">\n              <h3 style=\"color: white;\">Speedy 100 cross: profesion\u00e1ln\u00ed diodov\u00fd laser pro zna\u010den\u00ed a \u0159ez\u00e1n\u00ed<\/h3>\n              <a href=\"https:\/\/www.mega-blog.cz\/lasery\/speedy-100-cross-profesionalni-diodovy-laser-pro-znaceni-a-rezani\/\" target=\"_blank\" class=\"btn btn-primary ds-btn-article\" rel=\"noopener\">Pokra\u010dovat ve \u010dten\u00ed<\/a>\n            <\/div>\n          <\/div>\n        <\/div>\n        <div class=\"ds-blog-margin\">\n          <div class=\"blog-img\" style=\"background-image: url('https:\/\/www.mega-blog.cz\/wp-content\/blogs.dir\/6\/files\/2026\/01\/IMG_4545-scaled.jpg');height: 300px; background-size: cover; background-position: center;\">\n            <div class=\"ds-blog-title\" style=\"padding: 1rem;\">\n              <h3 style=\"color: white;\">RUBY workshop Trotecu se tentokr\u00e1t konal v Megaflexu<\/h3>\n              <a href=\"https:\/\/www.mega-blog.cz\/lasery\/ruby-workshop-trotecu-se-tentokrat-konal-v-megaflexu\/\" target=\"_blank\" class=\"btn btn-primary ds-btn-article\" rel=\"noopener\">Pokra\u010dovat ve \u010dten\u00ed<\/a>\n            <\/div>\n          <\/div>\n        <\/div>\n        <div class=\"ds-blog-margin\">\n          <div class=\"blog-img\" style=\"background-image: url('https:\/\/www.mega-blog.cz\/wp-content\/blogs.dir\/6\/files\/2025\/11\/bazar_lasery_web.jpg');height: 300px; background-size: cover; background-position: center;\">\n            <div class=\"ds-blog-title\" style=\"padding: 1rem;\">\n              <h3 style=\"color: white;\">Akce: V\u00fdprodej p\u0159edv\u00e1d\u011bc\u00edch laser\u016f ze showroomu Megaflex za super ceny<\/h3>\n              <a href=\"https:\/\/www.mega-blog.cz\/lasery\/akce-vyprodej-predvadecich-laseru-ze-showroomu-megaflex-za-super-ceny\/\" target=\"_blank\" class=\"btn btn-primary ds-btn-article\" rel=\"noopener\">Pokra\u010dovat ve \u010dten\u00ed<\/a>\n            <\/div>\n          <\/div>\n        <\/div><\/div>\n","protected":false},"excerpt":{"rendered":"","protected":false},"author":1,"featured_media":0,"parent":0,"menu_order":0,"comment_status":"closed","ping_status":"closed","template":"","meta":{"inline_featured_image":false,"_lmt_disableupdate":"","_lmt_disable":"","footnotes":""},"acf":[],"_links":{"self":[{"href":"https:\/\/www.megaflex.cz\/lasery\/wp-json\/wp\/v2\/pages\/1689"}],"collection":[{"href":"https:\/\/www.megaflex.cz\/lasery\/wp-json\/wp\/v2\/pages"}],"about":[{"href":"https:\/\/www.megaflex.cz\/lasery\/wp-json\/wp\/v2\/types\/page"}],"author":[{"embeddable":true,"href":"https:\/\/www.megaflex.cz\/lasery\/wp-json\/wp\/v2\/users\/1"}],"replies":[{"embeddable":true,"href":"https:\/\/www.megaflex.cz\/lasery\/wp-json\/wp\/v2\/comments?post=1689"}],"version-history":[{"count":3,"href":"https:\/\/www.megaflex.cz\/lasery\/wp-json\/wp\/v2\/pages\/1689\/revisions"}],"predecessor-version":[{"id":2793,"href":"https:\/\/www.megaflex.cz\/lasery\/wp-json\/wp\/v2\/pages\/1689\/revisions\/2793"}],"wp:attachment":[{"href":"https:\/\/www.megaflex.cz\/lasery\/wp-json\/wp\/v2\/media?parent=1689"}],"curies":[{"name":"wp","href":"https:\/\/api.w.org\/{rel}","templated":true}]}}